[INFO] cloning repository https://github.com/thejpster/pi-workshop-rs
[INFO] running `Command { std: "git" "-c" "credential.helper=" "-c" "credential.helper=/workspace/cargo-home/bin/git-credential-null" "clone" "--bare" "https://github.com/thejpster/pi-workshop-rs" "/workspace/cache/git-repos/https%3A%2F%2Fgithub.com%2Fthejpster%2Fpi-workshop-rs", kill_on_drop: false }`
[INFO] [stderr] Cloning into bare repository '/workspace/cache/git-repos/https%3A%2F%2Fgithub.com%2Fthejpster%2Fpi-workshop-rs'...
[INFO] running `Command { std: "git" "rev-parse" "HEAD", kill_on_drop: false }`
[INFO] [stdout] 54ecb1c6d28937bc0ddeb46098056cd9a6531531
[INFO] checking thejpster/pi-workshop-rs against master#cfbc6d4cf1acbac5c025acf8ed68929caa551df3 for pr-75494-beta
[INFO] running `Command { std: "git" "clone" "/workspace/cache/git-repos/https%3A%2F%2Fgithub.com%2Fthejpster%2Fpi-workshop-rs" "/workspace/builds/worker-9/source", kill_on_drop: false }`
[INFO] [stderr] Cloning into '/workspace/builds/worker-9/source'...
[INFO] [stderr] done.
[INFO] validating manifest of git repo https://github.com/thejpster/pi-workshop-rs on toolchain cfbc6d4cf1acbac5c025acf8ed68929caa551df3
[INFO] running `Command { std: "/workspace/cargo-home/bin/cargo" "+cfbc6d4cf1acbac5c025acf8ed68929caa551df3" "read-manifest" "--manifest-path" "Cargo.toml", kill_on_drop: false }`
[INFO] started tweaking git repo https://github.com/thejpster/pi-workshop-rs
[INFO] finished tweaking git repo https://github.com/thejpster/pi-workshop-rs
[INFO] tweaked toml for git repo https://github.com/thejpster/pi-workshop-rs written to /workspace/builds/worker-9/source/Cargo.toml
[INFO] crate git repo https://github.com/thejpster/pi-workshop-rs already has a lockfile, it will not be regenerated
[INFO] running `Command { std: "/workspace/cargo-home/bin/cargo" "+cfbc6d4cf1acbac5c025acf8ed68929caa551df3" "fetch" "--locked" "--manifest-path" "Cargo.toml", kill_on_drop: false }`
[INFO] [stderr]  Downloading crates ...
[INFO] [stderr]   Downloaded i2cdev v0.4.0
[INFO] [stderr]   Downloaded sensehat v0.4.0
[INFO] [stderr]   Downloaded measurements v0.10.2
[INFO] running `Command { std: "docker" "create" "-v" "/var/lib/crater-agent-workspace/builds/worker-9/target:/opt/rustwide/target:rw,Z" "-v" "/var/lib/crater-agent-workspace/builds/worker-9/source:/opt/rustwide/workdir:ro,Z" "-v" "/var/lib/crater-agent-workspace/cargo-home:/opt/rustwide/cargo-home:ro,Z" "-v" "/var/lib/crater-agent-workspace/rustup-home:/opt/rustwide/rustup-home:ro,Z" "-e" "SOURCE_DIR=/opt/rustwide/workdir" "-e" "CARGO_TARGET_DIR=/opt/rustwide/target" "-e" "CARGO_HOME=/opt/rustwide/cargo-home" "-e" "RUSTUP_HOME=/opt/rustwide/rustup-home" "-w" "/opt/rustwide/workdir" "-m" "1610612736" "--user" "0:0" "--network" "none" "rustops/crates-build-env@sha256:a636fd89d022f18117e1dc8fb37a0a009933cdbbe082814857f0e2024962d47c" "/opt/rustwide/cargo-home/bin/cargo" "+cfbc6d4cf1acbac5c025acf8ed68929caa551df3" "metadata" "--no-deps" "--format-version=1", kill_on_drop: false }`
[INFO] [stderr] WARNING: Your kernel does not support swap limit capabilities or the cgroup is not mounted. Memory limited without swap.
[INFO] [stdout] 62d2cf48d406c9fbe1d4451e78980dca0c475943a23590855a7ade6329435ebb
[INFO] running `Command { std: "docker" "start" "-a" "62d2cf48d406c9fbe1d4451e78980dca0c475943a23590855a7ade6329435ebb", kill_on_drop: false }`
[INFO] running `Command { std: "docker" "inspect" "62d2cf48d406c9fbe1d4451e78980dca0c475943a23590855a7ade6329435ebb", kill_on_drop: false }`
[INFO] running `Command { std: "docker" "rm" "-f" "62d2cf48d406c9fbe1d4451e78980dca0c475943a23590855a7ade6329435ebb", kill_on_drop: false }`
[INFO] [stdout] 62d2cf48d406c9fbe1d4451e78980dca0c475943a23590855a7ade6329435ebb
[INFO] running `Command { std: "docker" "create" "-v" "/var/lib/crater-agent-workspace/builds/worker-9/target:/opt/rustwide/target:rw,Z" "-v" "/var/lib/crater-agent-workspace/builds/worker-9/source:/opt/rustwide/workdir:ro,Z" "-v" "/var/lib/crater-agent-workspace/cargo-home:/opt/rustwide/cargo-home:ro,Z" "-v" "/var/lib/crater-agent-workspace/rustup-home:/opt/rustwide/rustup-home:ro,Z" "-e" "SOURCE_DIR=/opt/rustwide/workdir" "-e" "CARGO_TARGET_DIR=/opt/rustwide/target" "-e" "CARGO_INCREMENTAL=0" "-e" "RUST_BACKTRACE=full" "-e" "RUSTFLAGS=--cap-lints=forbid" "-e" "CARGO_HOME=/opt/rustwide/cargo-home" "-e" "RUSTUP_HOME=/opt/rustwide/rustup-home" "-w" "/opt/rustwide/workdir" "-m" "1610612736" "--user" "0:0" "--network" "none" "rustops/crates-build-env@sha256:a636fd89d022f18117e1dc8fb37a0a009933cdbbe082814857f0e2024962d47c" "/opt/rustwide/cargo-home/bin/cargo" "+cfbc6d4cf1acbac5c025acf8ed68929caa551df3" "check" "--frozen" "--all" "--all-targets" "--message-format=json", kill_on_drop: false }`
[INFO] [stdout] 07a69753376e734d46436481ada0d8badfa56dc9948106c44d654701548046d8
[INFO] [stderr] WARNING: Your kernel does not support swap limit capabilities or the cgroup is not mounted. Memory limited without swap.
[INFO] running `Command { std: "docker" "start" "-a" "07a69753376e734d46436481ada0d8badfa56dc9948106c44d654701548046d8", kill_on_drop: false }`
[INFO] [stderr]    Compiling cc v1.0.9
[INFO] [stderr]    Compiling libc v0.2.39
[INFO] [stderr]    Compiling unicode-xid v0.1.0
[INFO] [stderr]    Compiling rustc-demangle v0.1.7
[INFO] [stderr]    Compiling serde v1.0.34
[INFO] [stderr]    Compiling cfg-if v0.1.2
[INFO] [stderr]    Compiling semver-parser v0.7.0
[INFO] [stderr]    Compiling pulldown-cmark v0.1.2
[INFO] [stderr]    Compiling num-traits v0.2.2
[INFO] [stderr]    Compiling dtoa v0.4.2
[INFO] [stderr]    Compiling itoa v0.4.1
[INFO] [stderr]    Compiling bitflags v0.9.1
[INFO] [stderr]    Compiling same-file v0.1.3
[INFO] [stderr]    Compiling remove_dir_all v0.5.0
[INFO] [stderr]    Compiling bytecount v0.2.0
[INFO] [stderr]    Compiling nix v0.10.0
[INFO] [stderr]    Compiling gcc v0.3.54
[INFO] [stderr]     Checking measurements v0.10.2
[INFO] [stderr]    Compiling proc-macro2 v0.2.3
[INFO] [stderr]    Compiling walkdir v1.0.7
[INFO] [stderr]    Compiling rand v0.4.2
[INFO] [stderr]     Checking iovec v0.1.2
[INFO] [stderr]    Compiling quote v0.4.2
[INFO] [stderr]     Checking bytes v0.4.6
[INFO] [stderr]    Compiling syn v0.12.14
[INFO] [stderr]    Compiling sensehat v0.4.0
[INFO] [stderr]    Compiling backtrace-sys v0.1.16
[INFO] [stderr] The following warnings were emitted during compilation:
[INFO] [stderr] 
[INFO] [stderr] warning: src/rtimulib_wrapper.cc:3:10: fatal error: RTIMULib.h: No such file or directory
[INFO] [stderr] warning:     3 | #include "RTIMULib.h"
[INFO] [stderr] warning:       |          ^~~~~~~~~~~~
[INFO] [stderr] warning: compilation terminated.
[INFO] [stderr] 
[INFO] [stderr] error: failed to run custom build command for `sensehat v0.4.0`
[INFO] [stderr] 
[INFO] [stderr] Caused by:
[INFO] [stderr]   process didn't exit successfully: `/opt/rustwide/target/debug/build/sensehat-39ff398e0372ed34/build-script-build` (exit code: 101)
[INFO] [stderr]   --- stdout
[INFO] [stderr]   TARGET = Some("x86_64-unknown-linux-gnu")
[INFO] [stderr]   OPT_LEVEL = Some("0")
[INFO] [stderr]   TARGET = Some("x86_64-unknown-linux-gnu")
[INFO] [stderr]   HOST = Some("x86_64-unknown-linux-gnu")
[INFO] [stderr]   TARGET = Some("x86_64-unknown-linux-gnu")
[INFO] [stderr]   TARGET = Some("x86_64-unknown-linux-gnu")
[INFO] [stderr]   HOST = Some("x86_64-unknown-linux-gnu")
[INFO] [stderr]   CXX_x86_64-unknown-linux-gnu = None
[INFO] [stderr]   CXX_x86_64_unknown_linux_gnu = None
[INFO] [stderr]   HOST_CXX = None
[INFO] [stderr]   CXX = None
[INFO] [stderr]   HOST = Some("x86_64-unknown-linux-gnu")
[INFO] [stderr]   TARGET = Some("x86_64-unknown-linux-gnu")
[INFO] [stderr]   HOST = Some("x86_64-unknown-linux-gnu")
[INFO] [stderr]   CXXFLAGS_x86_64-unknown-linux-gnu = None
[INFO] [stderr]   CXXFLAGS_x86_64_unknown_linux_gnu = None
[INFO] [stderr]   HOST_CXXFLAGS = None
[INFO] [stderr]   CXXFLAGS = None
[INFO] [stderr]   DEBUG = Some("true")
[INFO] [stderr]   running: "c++" "-O0" "-ffunction-sections" "-fdata-sections" "-fPIC" "-g" "-m64" "-Wall" "-Wextra" "-o" "/opt/rustwide/target/debug/build/sensehat-4d1cb937d366410a/out/src/rtimulib_wrapper.o" "-c" "src/rtimulib_wrapper.cc"
[INFO] [stderr]   cargo:warning=src/rtimulib_wrapper.cc:3:10: fatal error: RTIMULib.h: No such file or directory
[INFO] [stderr]   cargo:warning=    3 | #include "RTIMULib.h"
[INFO] [stderr]   cargo:warning=      |          ^~~~~~~~~~~~
[INFO] [stderr]   cargo:warning=compilation terminated.
[INFO] [stderr]   exit code: 1
[INFO] [stderr] 
[INFO] [stderr]   --- stderr
[INFO] [stderr]   thread 'main' panicked at '
[INFO] [stderr] 
[INFO] [stderr]   Internal error occurred: Command "c++" "-O0" "-ffunction-sections" "-fdata-sections" "-fPIC" "-g" "-m64" "-Wall" "-Wextra" "-o" "/opt/rustwide/target/debug/build/sensehat-4d1cb937d366410a/out/src/rtimulib_wrapper.o" "-c" "src/rtimulib_wrapper.cc" with args "c++" did not execute successfully (status code exit code: 1).
[INFO] [stderr] 
[INFO] [stderr]   ', /opt/rustwide/cargo-home/registry/src/github.com-1ecc6299db9ec823/gcc-0.3.54/src/lib.rs:1670:5
[INFO] [stderr]   stack backtrace:
[INFO] [stderr]      0:     0x55acdb75c425 - backtrace::backtrace::libunwind::trace::h5e2646fa3eddf2ea
[INFO] [stderr]                                  at /cargo/registry/src/github.com-1ecc6299db9ec823/backtrace-0.3.46/src/backtrace/libunwind.rs:86
[INFO] [stderr]      1:     0x55acdb75c425 - backtrace::backtrace::trace_unsynchronized::hb95dd7f77ce47877
[INFO] [stderr]                                  at /cargo/registry/src/github.com-1ecc6299db9ec823/backtrace-0.3.46/src/backtrace/mod.rs:66
[INFO] [stderr]      2:     0x55acdb75c425 - std::sys_common::backtrace::_print_fmt::h5e71b67af43fd70d
[INFO] [stderr]                                  at src/libstd/sys_common/backtrace.rs:78
[INFO] [stderr]      3:     0x55acdb75c425 - <std::sys_common::backtrace::_print::DisplayBacktrace as core::fmt::Display>::fmt::hdb4a83d2b61107e5
[INFO] [stderr]                                  at src/libstd/sys_common/backtrace.rs:59
[INFO] [stderr]      4:     0x55acdb780d0c - core::fmt::write::ha20e7262fa3e8a7a
[INFO] [stderr]                                  at src/libcore/fmt/mod.rs:1076
[INFO] [stderr]      5:     0x55acdb758672 - std::io::Write::write_fmt::h1aebfe8a5a79e36d
[INFO] [stderr]                                  at src/libstd/io/mod.rs:1537
[INFO] [stderr]      6:     0x55acdb75ebb0 - std::sys_common::backtrace::_print::h9c07314cc66ba539
[INFO] [stderr]                                  at src/libstd/sys_common/backtrace.rs:62
[INFO] [stderr]      7:     0x55acdb75ebb0 - std::sys_common::backtrace::print::hd1fd65f49a2d8544
[INFO] [stderr]                                  at src/libstd/sys_common/backtrace.rs:49
[INFO] [stderr]      8:     0x55acdb75ebb0 - std::panicking::default_hook::{{closure}}::h222da46485ab36fc
[INFO] [stderr]                                  at src/libstd/panicking.rs:198
[INFO] [stderr]      9:     0x55acdb75e8fc - std::panicking::default_hook::hc5868949d129ed00
[INFO] [stderr]                                  at src/libstd/panicking.rs:217
[INFO] [stderr]     10:     0x55acdb75f1f3 - std::panicking::rust_panic_with_hook::h26a6ab8b0993c0c8
[INFO] [stderr]                                  at src/libstd/panicking.rs:526
[INFO] [stderr]     11:     0x55acdb75edeb - rust_begin_unwind
[INFO] [stderr]                                  at src/libstd/panicking.rs:437
[INFO] [stderr]     12:     0x55acdb75ed5b - std::panicking::begin_panic_fmt::h2ff295231415d4a6
[INFO] [stderr]                                  at src/libstd/panicking.rs:391
[INFO] [stderr]     13:     0x55acdb725907 - gcc::fail::hc0ab65f36e15eef8
[INFO] [stderr]                                  at /opt/rustwide/cargo-home/registry/src/github.com-1ecc6299db9ec823/gcc-0.3.54/src/lib.rs:1670
[INFO] [stderr]     14:     0x55acdb71761e - gcc::Build::compile::h01ee0650c2a4dd0a
[INFO] [stderr]                                  at /opt/rustwide/cargo-home/registry/src/github.com-1ecc6299db9ec823/gcc-0.3.54/src/lib.rs:783
[INFO] [stderr]     15:     0x55acdb713365 - build_script_build::main::hbe79177ff8f5836f
[INFO] [stderr]                                  at /opt/rustwide/cargo-home/registry/src/github.com-1ecc6299db9ec823/sensehat-0.4.0/build.rs:5
[INFO] [stderr]     16:     0x55acdb7132cb - std::rt::lang_start::{{closure}}::hce05ff9cf8a70017
[INFO] [stderr]                                  at /rustc/cfbc6d4cf1acbac5c025acf8ed68929caa551df3/src/libstd/rt.rs:67
[INFO] [stderr]     17:     0x55acdb75f5c3 - std::rt::lang_start_internal::{{closure}}::h84a998219831fa70
[INFO] [stderr]                                  at src/libstd/rt.rs:52
[INFO] [stderr]     18:     0x55acdb75f5c3 - std::panicking::try::do_call::he8e1d689a3e26def
[INFO] [stderr]                                  at src/libstd/panicking.rs:348
[INFO] [stderr]     19:     0x55acdb75f5c3 - std::panicking::try::h264b6eebc2fa7bbf
[INFO] [stderr]                                  at src/libstd/panicking.rs:325
[INFO] [stderr]     20:     0x55acdb75f5c3 - std::panic::catch_unwind::hbf28fafa723b2128
[INFO] [stderr]                                  at src/libstd/panic.rs:394
[INFO] [stderr]     21:     0x55acdb75f5c3 - std::rt::lang_start_internal::he959aa59bc3ec202
[INFO] [stderr]                                  at src/libstd/rt.rs:51
[INFO] [stderr]     22:     0x55acdb7132a7 - std::rt::lang_start::h5b60bff4e0520b71
[INFO] [stderr]                                  at /rustc/cfbc6d4cf1acbac5c025acf8ed68929caa551df3/src/libstd/rt.rs:67
[INFO] [stderr]     23:     0x55acdb7133fa - main
[INFO] [stderr]     24:     0x7feb0c30d0b3 - __libc_start_main
[INFO] [stderr]     25:     0x55acdb71319e - _start
[INFO] [stderr]     26:                0x0 - <unknown>
[INFO] [stderr] warning: build failed, waiting for other jobs to finish...
[INFO] [stderr] error: build failed
[INFO] running `Command { std: "docker" "inspect" "07a69753376e734d46436481ada0d8badfa56dc9948106c44d654701548046d8", kill_on_drop: false }`
[INFO] running `Command { std: "docker" "rm" "-f" "07a69753376e734d46436481ada0d8badfa56dc9948106c44d654701548046d8", kill_on_drop: false }`
[INFO] [stdout] 07a69753376e734d46436481ada0d8badfa56dc9948106c44d654701548046d8
